and 34240.
1070
What is the highest common divisor of 260190 and 73080?
630
Calculate the greatest common factor of 558483640 and 12714.
4238
Calculate the greatest common divisor of 194953 and 2035.
407
Calculate the greatest common factor of 247254830 and 368.
46
Calculate the highest common factor of 9011583 and 84.
21
What is the highest common divisor of 200497 and 238608?
1657
Calculate the highest common divisor of 5271102 and 5346.
54
Calculate the greatest common factor of 334197 and 14728203.
4707
Calculate the highest common divisor of 845691 and 3885.
21
What is the highest common factor of 1408 and 572176?
176
What is the highest common divisor of 146583 and 793671?
183
What is the greatest common factor of 39870 and 756201?
1329
What is the greatest common divisor of 39325 and 43665875?
3025
Calculate the highest common factor of 4784 and 860509.
13
Calculate the greatest common factor of 3487710 and 240.
30
Calculate the highest common factor of 24 and 26172948.
12
What is the highest common factor of 5968361 and 28?
7
What is the highest common factor of 6 and 17736822?
6
Calculate the highest common divisor of 1007 and 1372617.
19
What is the highest common factor of 3938 and 25165789?
1969
What is the greatest common divisor of 10029271 and 98?
49
Calculate the greatest common factor of 4309008 and 144.
48
Calculate the highest common divisor of 10324 and 52076837.
2581
Calculate the highest common factor of 236 and 120222353.
59
Calculate the greatest common divisor of 27162 and 294.
6
What is the greatest common divisor of 947139500 and 4300?
4300
What is the highest common factor of 396 and 6265764?
36
Calculate the highest common factor of 1228 and 2593229.
307
What is the greatest common divisor of 1090224 and 3417?
201
What is the highest common factor of 1022 and 2056103?
7
Calculate the greatest common divisor of 484 and 110981772.
44
Calculate the highest common factor of 197243488 and 128.
32
Calculate the highest common divisor of 1195714 and 2054.
26
What is the greatest common factor of 138599443 and 157?
157
Calculate the highest common factor of 3400 and 1480950.
50
Calculate the greatest common factor of 9816243 and 19883.
59
Calculate the highest common factor of 780678 and 32232.
474
What is the highest common divisor of 211764 and 1274?
14
What is the highest common divisor of 80903504 and 121?
121
What is the highest common factor of 348479685 and 2395?
2395
What is the highest common factor of 3661659 and 1971?
27
What is the highest common factor of 984500 and 456500?
5500
Calculate the greatest common factor of 3744 and 4467296.
32
What is the highest common divisor of 1788 and 356106?
6
What is the greatest common factor of 2772 and 1563051?
21
Calculate the greatest common factor of 27172260 and 30.
30
What is the highest common factor of 13425 and 846900?
75
Calculate the highest common factor of 1433834 and 6.
2
What is the highest common divisor of 4994 and 696001295?
2497
What is the greatest common factor of 143709291 and 495?
99
What is the greatest common factor of 11997 and 603384?
93
Calculate the greatest common factor of 156 and 23672412.
12
Calculate the greatest common factor of 436628 and 697.
17
Calculate the highest common divisor of 95080 and 47848.
8
What is the highest common factor of 298826 and 14076?
34
Calculate the highest common divisor of 261 and 52107471.
9
Calculate the highest common divisor of 345316 and 1497592.
524
Calculate the highest common factor of 92606070 and 3117.
3117
What is the greatest common divisor of 98095880 and 2405?
185
What is the highest common divisor of 170 and 1114265?
85
What is the greatest common divisor of 4437 and 870264?
153
Calculate the highest common divisor of 411540 and 3876.
228
Calculate the highest common divisor of 1626 and 144361158.
1626
Calculate the greatest common divisor of 13182 and 1622738.
338
What is the greatest common divisor of 212 and 166132581?
53
What is the highest common divisor of 5890 and 45477868?
1178
Calculate the highest common divisor of 1807 and 341662.
139
What is the greatest common divisor of 10583 and 6688?
19
Calculate the highest common factor of 1955 and 3724666.
391
Calculate the highest common divisor of 1284 and 8671280.
428
Calculate the greatest common divisor of 30520 and 330120.
280
What is the highest common factor of 5546 and 17818?
118
Calculate the highest common factor of 42 and 57642.
6
What is the highest common divisor of 26702 and 8305586?
158
Calculate the greatest common factor of 36 and 204956.
4
What is the highest common divisor of 19764159 and 4431?
633
What is the highest common factor of 192 and 13055008?
32
What is the greatest common factor of 5744 and 47824?
16
What is the highest common factor of 22 and 313435397?
11
Calculate the greatest common divisor of 154 and 164124576.
154
Calculate the highest common factor of 1286105580 and 270.
270
Calculate the highest common factor of 34873 and 1621189.
811
What is the greatest common factor of 45992905 and 36414?
2023
What is the greatest common factor of 96 and 7187376?
48
Calculate the greatest common factor of 72448 and 46208.
128
What is the greatest common factor of 257566 and 38270?
178
What is the greatest common divisor of 1359 and 301054589?
151
What is the highest common factor of 79619855 and 1960?
245
What is the highest common factor of 30 and 74218740?
30
Calculate the highest common factor of 1639000 and 5125.
125
Calculate the greatest common factor of 527 and 46250013.
17
Calculate the greatest common divisor of 632911848 and 428.
428
What is the greatest common divisor of 14538214 and 2967?
43
What is the highest common factor of 240526 and 62582?
754
Calculate the greatest common factor of 4104 and 3957168.
456
Calculate the greatest common divisor of 18 and 17992914.
6
Calculate the greatest common factor of 764160 and 18720.
480
What is the highest common factor of 5745453 and 861?
861
Calculate the highest common divisor of 918 and 2035818.
306
What is the greatest common factor of 224 and 4849760?
32
Calculate the greatest common divisor of 97409 and 1424051.
127
What is the greatest common divisor of 3053721 and 3157?
451
Calculate the greatest common divisor of 784 and 25551148.
196
What is the greatest common factor of 3007 and 120621?
31
What is the highest common factor of 54583808 and 4736?
128
Calculate the highest common divisor of 344 and 684840.
8
Calculate the highest common divisor of 82551403 and 4477.
4477
What is the greatest common divisor of 295347 and 131547?
39
What is the highest common factor of 17 and 36112216?
17
What is the highest common divisor of 614887 and 777751?
377
Calculate the highest common factor of 194439497 and 147.
49
Calculate the highest common factor of 353105 and 155.
5
Calculate the highest common divisor of 3220 and 3392615.
115
What is the highest common factor of 375951 and 1202772?
339
Calculate the highest common divisor of 94656170 and 17850.
1190
Calculate the greatest common factor of 3698 and 4504766.
86
What is the greatest common factor of 3052 and 51936211?
109
What is the highest common factor of 7471203 and 6?
3
What is the highest common factor of 7830 and 32997940?
290
Calculate the greatest common divisor of 113019221 and 9681.
3227
Calculate the greatest common factor of 148033 and 53879.
179
What is the greatest common factor of 1520260119 and 9?
9
What is the greatest common divisor of 1386 and 456732?
18
What is the greatest common divisor of 194526 and 2621286?
1926
What is the greatest common factor of 130 and 320918?
26
Calculate the greatest common divisor of 4888197 and 765.
153
What is the highest common divisor of 6237725 and 7072?
221
What is the greatest common divisor of 646173 and 57459?
321
Calculate the highest common factor of 4984 and 8917622.
1246
What is the highest common divisor of 1161426 and 72?
6
What is the greatest common divisor of 3635484 and 238?
34
Calculate the greatest common divisor of 7098 and 7791238.
2366
What is the greatest common divisor of 23693 and 364382?
817
What is the highest common divisor of 3572 and 178505?
19
What is the greatest common factor of 6974926 and 56?
14
Calculate the highest com